. What is the thousands digit of v(-13)?
1
Suppose 5*l + 5*u = -0*l + 40, -22 = -4*l - 2*u. Suppose -5*n = r - 232, -2*n - l*r + 128 = 43. What is the units digit of n?
7
Suppose 3*u - 8 = -w, -3*w + 4*u = w. Suppose 4*o - 3*o + 3*r + 22 = 0, w*o = 2*r - 60. Let m = o + 32. What is the units digit of m?
4
Let d(k) = 3*k - 8. Let m be d(4). Suppose -u - 2*j = -4*u + 73, -m*j + 61 = 3*u. What is the units digit of u?
3
Let y be (-5 + 2)*2/6. Let w(a) = a**2 + a - 320*a**3 - 359*a**3 + 634*a**3. What is the tens digit of w(y)?
4
What is the thousands digit of 1429 - 12*5/(4 - -6)?
1
Let r be (8/10)/(24/60). Suppose -r*s + 2 = 4*n - 4*s, 5*n - s = 7. Suppose n*y = -2*y + 116. What is the units digit of y?
9
Suppose -2*q + 7*q = -12600. Let j be q/(-32) + 1/4. Suppose -45 - j = -2*r. What is the tens digit of r?
6
Suppose 4*t + 2*p + 436 = 4*p, 5*t + 5*p + 560 = 0. What is the units digit of (6 - -2)/((-11)/t)?
0
Let f be 7/(-4)*(-7 - -3). Let q(j) = j**2 + 3*j + 2. Let w be q(6). Suppose 0 = -f*s + 161 + w. What is the tens digit of s?
3
Let p = -34 - -40. Suppose -p*q - 55 = -q. Let s(r) = -6*r - 1. What is the units digit of s(q)?
5
What is the thousands digit of ((-811)/(-2) - 2)*(-3724)/(-399)?
3
Let w(v) = 9*v**3 - 3 + 3*v**2 - v + 10*v**3 + 2 + v**3. What is the units digit of w(1)?
1
Suppose -2*b - 3*b = -2*g - 3562, 1420 = 2*b - 2*g. What is the hundreds digit of b?
7
Let j(q) = -89*q - 77. What is the hundreds digit of j(-13)?
0
Let d = 9 + -9. Suppose -202 = -3*j - d*j + 5*h, 2*j = h + 144. What is the units digit of j?
4
Let s = 155 + 255. What is the hundreds digit of s?
4
Suppose 5*a + 5*w = 10, 3*a = a - w + 3. What is the units digit of a - (3*(-4 + 3) - 80)?
4
Let o = 10 - 11. Let s be 1/(o/(33/1)). Let z = -23 - s. What is the units digit of z?
0
Suppose 38*v + 2*h = 36*v + 734, 5*v - 2*h = 1849. What is the tens digit of v?
6
Let f = 38 - 40. What is the units digit of f/((-1)/(-6)*-4)?
3
Let n = -24 - -40. Let h = -11 + n. Suppose 0 = -3*i - 0*i - h*f + 94, -135 = -4*i + 3*f. What is the tens digit of i?
3
Let f be (-7 - -2) + 7 - 1*137. Let d = 190 + f. What is the tens digit of d?
5
Let u(d) = d + 13. Let k = -47 + 31. Let l be 4*(108/k - -4). What is the units digit of u(l)?
2
Let y = -401 - -235. What is the units digit of y/(-4) + -2 + (-1)/2?
9
Suppose 22 = -3*w + 28. Suppose -7 - 11 = -w*s + k, 0 = -s + 4*k - 5. What is the units digit of s?
1
Suppose -3*g = 5*c - 10137, -34*c + 4042 = -32*c - 2*g. What is the hundreds digit of c?
0
Suppose -2*a + 416 = -208. What is the units digit of a?
2
Suppose 0 = 2*x + 4*m - 4, x - 4*m - 6 - 2 = 0. Suppose z + 32 = 2*f, 0*z + x*z = 8. What is the units digit of f?
7
Suppose 0 = -2*u + 2*p + 18 - 2, 4*u = -3*p + 60. Suppose u*y - 16*y + 48 = 0. Suppose -b = 2*a - y, -60 = -5*b + 3*a + a. What is the units digit of b?
2
Suppose -114 - 614 = 7*x. Let r = x - -199. What is the units digit of r?
5
Suppose 5*l + 83 = 3*q - 0*l, 3*q = -2*l + 55. Let p = -8 + q. Let a(y) = 3*y - 17. What is the tens digit of a(p)?
2
Suppose -4*n = 0, 2*c + 4*n = 3*c + 10. Let z be (-15)/25 + 4/c. What is the tens digit of 1 + (-3)/z + 35?
3
Suppose -r = -5, -2*w - 5*r + 4*r = -151. Suppose 3*h - w = -3*d + d, 0 = 3*h + d - 71. Suppose 0 = n + f - 26, -n + h = -f - f. What is the tens digit of n?
2
Suppose 2*n = v - 2*v + 3, -3*v = n - 9. Let l(y) = n - 14*y + 21 + 13*y. What is the units digit of l(14)?
7
Let c(g) = 14*g - 11 + 7 - g. What is the tens digit of c(5)?
6
Let o = 68 + 768. Suppose 10*m - 1254 - o = 0. What is the tens digit of m?
0
Let r = -1 - -1. Let n(t) be the second derivative of -t**3/3 + 10*t**2 + 189*t. What is the tens digit of n(r)?
2
Suppose 3*o = -3*l - 9, -4*l - 7 - 5 = -2*o. Suppose 4*i - 2*g - 355 - 541 = o, 5*i + 2*g = 1120. What is the tens digit of i?
2
Suppose 0 = 4*h + 4, -59 = -4*d + 4*h + 5. What is the units digit of d?
5
Let h(f) = 46*f + 1. Let l be h(-1). Let n = -31 - l. What is the tens digit of n?
1
Let t = -7 + 10. Let b = 20 + t. What is the units digit of b?
3
Let o = 610 + 478. What is the tens digit of o?
8
Let i = 1438 + -769. What is the hundreds digit of i?
6
Suppose 0 = -4*z + 4*a - a + 17, -2*a = -4*z + 14. Let r be 1 + (-2 - 12/2). What is the tens digit of 2827/77 - z/r?
3
Let f = 10 - 19. Let a(s) be the third derivative of -s**5/60 - 7*s**4/12 - 7*s**3/6 - 2*s**2. What is the units digit of a(f)?
8
Let p(m) = m**3 - 5*m**2 + 2*m - 6. Let n(b) = -b**2 - 5*b - 2. Let w be n(-3). Suppose 4*x + 5*d - 2 = -7, 5*x - w*d = 45. What is the units digit of p(x)?
4
Suppose 4 + 0 = -2*c. Suppose -4*u + 5*u + 5*p = -2, 0 = u - 4*p - 7. What is the units digit of u/12*-58*c?
9
Let n(s) = -2*s - 18. Let j be n(-11). Suppose j*x = 72 - 16. What is the units digit of x?
4
Let l(a) = -a**3 + 7*a**2 - 3*a + 9. What is the tens digit of l(6)?
2
Let z = 1506 - 713. What is the tens digit of z?
9
Let k(s) = 18*s + 19. Let d(l) = 9*l + 10. Let z(r) = 11*d(r) - 6*k(r). What is the units digit of z(-6)?
0
Let w(u) = 3*u**2 + 3*u + 24. Let h(y) = 3*y**2 + 2*y + 23. Let z(t) = 4*h(t) - 3*w(t). What is the hundreds digit of z(-5)?
1
Let c be (-1 + (-15)/(-10))*404. Suppose -22*i = -20*i - c. What is the tens digit of i?
0
Let u(y) be the second derivative of y**4/6 - 13*y**3/6 + 4*y**2 + 3*y. What is the units digit of u(9)?
3
Let f be 0 + 3/(1/((-16)/(-4))). Let m be 4*4 + (0 - -1). What is the tens digit of 3/(f/(-4)) + m?
1
Let o(n) be the first derivative of -n**3/3 - 19*n**2/2 + 2*n - 17. What is the tens digit of o(-16)?
5
Suppose -14*s = -8*s - 1890. What is the hundreds digit of s?
3
Let t(x) = 2*x**2 + x - 11. Let g be t(-5). Let y = g + -33. What is the units digit of y?
1
Suppose -5*u + 12646 = 5*y - 8*u, -3*y + 3*u + 7584 = 0. What is the tens digit of y?
3
Let p be -1 - (-2 + -14) - 3. Suppose 5*w + 3*l = -p + 47, -3*w + 4*l = -50. What is the units digit of w?
0
Let q(d) = 4*d + 24. Let z be q(-6). What is the hundreds digit of 4/(-22) - z - (-16050)/66?
2
Suppose 6*r - 6928 - 6206 = 0. What is the tens digit of r?
8
Let a = -208 - -677. Let m = a + -282. What is the units digit of m?
7
Let a = -28 + 31. Suppose 4*c - 10 = a*c. What is the tens digit of c?
1
Let b be (-64)/40*(-35)/2. Suppose -3*z + 5*r = -b, 3*z - 32 = r - 0*r. Suppose 0 = z*j - 7*j - 92. What is the units digit of j?
3
Let o = 13 + -14. Let q be 4 + (o + 1 - 2). Suppose -6*r + q*r = -16. What is the units digit of r?
4
Let m = 523 - -3140. What is the units digit of m?
3
What is the tens digit of (-1)/4*-1 + 1926960/320?
2
Suppose 3*b = 4*q - 112, -3*q - 140 = -8*q - 5*b. Let n = q + -19. Suppose 3 = 4*d - n. What is the units digit of d?
3
Let q = 1583 + -497. What is the tens digit of q?
8
Let i = -3793 - -6423. What is the tens digit of i?
3
Let s(c) = -c**2 - 11*c - 10. Let x(u) = -3*u**2 - 34*u - 31. Let f(a) = -11*s(a) + 4*x(a). What is the units digit of f(-9)?
0
Suppose 4*p - 10 + 1 = -5*x, -p = x - 1. Suppose 0 = x*h - 5*j - 265, j = -4*h + h + 167. What is the units digit of h?
5
Suppose 54 = 2*u + 42. What is the tens digit of (112 - (u - 2)) + 3?
1
Suppose -2*r = 2*r. Suppose -5*a = r, 2*t + 2*a - 20 = -3*t. What is the tens digit of (3/(-6))/(t/(-224))?
2
What is the units digit of (-3)/8 + 59172/96?
6
Let m(g) = -g**2 - 8*g + 4. Let o be m(-8). Suppose 5*p + 15 + 7 = b, -5*p = -o*b + 103. What is the units digit of b?
7
Let y be 7/(-1) + 4/(-2). Let f be (-258)/y - 3/(-9). Let j = 79 - f. What is the units digit of j?
0
Let j be 18 + 4/(-4) + 4. Suppose j = 5*t - 9. Suppose t*b = 364 - 16. What is the units digit of b?
8
Suppose -20*w + 19605 + 29235 = 0. What is the thousands digit of w?
2
Suppose 5*i = 7*j - 4*j + 7308, 2936 = 2*i + 2*j. What is the units digit of i?
4
Let t = -23 + 111. Let q = t - 1. What is the units digit of q?
7
Let s(b) = -b**2 + 6*b + 3. Let c be s(4). Let t = 48 - 25. Let n = t - c. What is the units digit of n?
2
Suppose 0 = -4*a - 2 - 2. Let i(g) = 5*g - 8. Let c(v) = 2*v - 3. Let x(h) = -11*c(h) + 4*i(h). What is the units digit of x(a)?
3
What is the units digit of ((-5610)/77 + 6)*(-14)/3?
2
Let r be 0/(2 - 0/3). Suppose r = -0*o + o - 31. Suppose o - 7 = 2*v. What is the units digit of v?
2
Suppose -15 = 3*t - 21. Suppose 0 = -2*k - t*k + 364. Wh